
Calculate 6 + 10 + -5 - 8.
3
What is the value of 5 - 9 - (1 + -2 + -1)?
-2
What is -5 + 19 - (-5 + 21)?
-2
-7 + (8 - (-3 + 5 - -2))
-3
Calculate (-4 - -11 - 6) + 1 + -4.
-2
What is -6 - (3 - 8) - (-4 + 0)?
3
Calculate (-1 - 4 - -2) + (6 - -1).
4
Calculate (5 + -4 + -3 - 0) + 3.
1
What is (-3 - (-7 + -2)) + (8 - 6)?
8
What is (-1 - -2) + 3 + (-7 - -8)?
5
Evaluate (-12 - (6 - -1)) + 11.
-8
25 - 15 - (7 + 0) - -2
5
What is 5 + -3 + -3 + (2 - 1)?
0
What is the value of 2 + 1 + (-15 - -16) - 5?
-1
Evaluate -1 + (-5 - (5 + -3 - 7)).
-1
(-3 + 2 - 1) + (-1 - -4)
1
Evaluate -4 + (0 - (-7 + -2)) - 0.
5
What is the value of -5 + 2 - (5 + -11 + 8)?
-5
4 - (-1 + 8 - -3 - 5)
-1
Evaluate 0 + 0 + (23 + -11 - 12).
0
What is the value of -9 + 3 + 6 - (14 - 3)?
-11
-3 + -3 + 2 - -5
1
-1 + 7 + -4 + -2
0
What is 9 + -7 + -3 - (-1 - -6)?
-6
Evaluate 16 + -13 - 12 - -12.
3
What is -4 + 4 - (-5 - 1)?
6
(3 - -14) + -6 - (2 - -2)
7
3 + -8 - (0 - -1) - 0
-6
What is the value of 1 + -1 + (-1 - (-1 - -4))?
-4
What is the value of (21 - 16 - 0) + 0 + -11?
-6
Calculate 7 - 1 - (-25 - -29).
2
1 - -6 - (4 + (9 - 12))
6
6 + (-1 - 3) - 7
-5
Calculate 3 - 2 - ((6 - 11) + 7).
-1
What is 1 - (-3 + 7 + -3)?
0
Calculate 0 + -1 + 0 - (-20 + 17).
2
(11 - 7) + -8 + 10
6
Calculate 62 + -74 + 0 + (6 - -1).
-5
(8 - -4 - (8 + -1)) + 2
7
2 - (-2 - 0) - (4 + 1)
-1
What is -22 - -28 - (-2 + 9)?
-1
What is the value of -7 + (-9 - -8) + 8?
0
Evaluate -6 + -4 + 5 + 3.
-2
What is 2 + (6 - 12 - 3)?
-7
What is 8 - (5 + 3 + 5)?
-5
What is (6 - (4 + (3 - -13))) + 8?
-6
(-7 - 4) + -5 - -14
-2
Evaluate -1 - (0 + 4 + -8).
3
What is the value of 8 + 3 + -22 + 11?
0
(8 - (0 - -1)) + -6
1
What is -2 + -3 + 2 - -1?
-2
Calculate (7 - (6 - -2 - 6)) + 1.
6
What is 1 + (7 - (-6 + 22 - 4))?
-4
What is 3 - (9 - (0 + 4))?
-2
1 - 4 - -4 - -4
5
What is (-3 - -8 - -3) + -1 - 7?
0
-4 + 6 + 7 - 5
4
Evaluate 0 + (4 - -3) + -7.
0
4 - (4 + -15 + 5 + 12)
-2
What is the value of -3 - (-9 - (-6 - 1))?
-1
Evaluate (5 - (1 - (0 + -1))) + 6.
9
5 + 0 + 1 + 1 + -7
0
What is 0 - ((6 - 3) + -4)?
1
Evaluate -1 + (-2 - -9 - 10) + 6.
2
What is the value of -4 + 6 + 1 - (13 - 5)?
-5
1 + (5 - (5 + -1) - 3)
-1
What is (-2 - -5) + (-3 - -6) + -10?
-4
What is the value of (-6 - -4) + -3 + (-1 - -1)?
-5
What is the value of 8 - 9 - 1 - 3?
-5
What is the value of 0 + -1 + (-22 - -20)?
-3
What is (-12 - -10 - (0 - 0)) + 1?
-1
Evaluate -3 - (3 - (3 - 6)) - -5.
-4
What is the value of -9 - (-2 + -4 + 2)?
-5
Evaluate -10 - (-4 + -2 - 0 - 0).
-4
What is the value of -3 + 2 + 1 + 4 + 0?
4
What is the value of 13 + -5 - (2 - -4)?
2
What is the value of -7 - -3 - (-3 + -1 + 3)?
-3
-4 - (-10 - (-2 + -1)) - -2
5
Evaluate 0 + 19 + -13 - (1 - -7).
-2
Calculate 2 + -9 + 8 - (5 + 1).
-5
What is -7 + (2 - 1) + 5?
-1
What is (-3 - -1 - 0) + (-21 - -22)?
-1
Calculate -1 + 0 + (-1 - 4) + 3.
-3
What is (-5 - -8) + (-4 - -9)?
8
Evaluate -5 + 5 + 9 + -3 - -3.
9
What is (-9 - -2) + 3 - (8 - 11)?
-1
Calculate 0 - (3 + -4 - (-2 - -4)).
3
Calculate 1 - (1 - (2 - 0)).
2
Calculate 4 + -2 + -2 + -1.
-1
Calculate (2 - -1) + 0 + -2.
1
What is -2 + (2 - 2) + 1 - -2?
1
What is the value of (-2 - (0 + -4)) + (-1 - 3)?
-2
What is 0 - (-9 - -8) - (3 - -1)?
-3
What is the value of (-3 - (-5 - -3)) + -3?
-4
Evaluate 2 + (4 + 1 - 3) - 10.
-6
Evaluate (0 + 5 - (32 + -23)) + -1.
-5
What is the value of (-2 - ((-1 - -3) + 0)) + 4?
0
Calculate 9 - (4 - (9 + -9)).
5
What is the value of (15 + -6 - -1) + -5?
5
(1 + 1 + -2 - -1) + 0
1
Calculate (15 - (22 - 9)) + (-7 - 0).
-5
What is 1 + 1 + -2 + 1 + 1?
2
Evaluate (3 - -3) + -2 + -3 - 2.
-1
What is -1 - -2 - (-1 - (6 + -1))?
7
What is the value of (4 - 3) + 3 + -1 + -5?
-2
-3 + 4 + -5 + 0
-4
What is the value of 10 + -1 - (-2 - -6)?
5
Evaluate -17 + (73 - 59 - (0 - -6)).
-9
What is 1 + (3 + -2 - 4) + 0?
-2
-3 - ((-6 - -1) + -7 + 6)
3
Evaluate (-6 - -4) + (-1 - 2).
-5
Calculate -10 + (10 - 6 - 4).
-10
What is the value of 0 + (2 + 2 - 2)?
2
Calculate 2 + 2 - (4 - 0) - -1.
1
-16 - (-12 + 5) - -5
-4
What is the value of 1 + 0 + (-6 + 5 - 6)?
-6
1 - (-2 + 7 + 0)
-4
Calculate 0 + -2 - (-7 - -5).
0
What is -2 - -1 - (0 + -4)?
3
What is the value of (1 - 3) + -4 + 2 + 3?
-1
Evaluate 5 + -2 + 2 + -5.
0
0 + 3 + 0 - (6 + 0)
-3
What is 8 - 6 - 3 - (-1 + -2)?
2
What is 0 + (3 - 6) + 5?
2
2 - ((3 - -1) + -9 + 7)
0
(-2 - -3) + (-8 + 15 - 11)
-3
What is 4 - 4 - (3 - 2) - -3?
2
(14 - 13) + -2 + -1 + -4
-6
Calculate (-12 - -6 - -7) + (-4 - -1).
-2
Calculate 4 - (0 + 0 - (4 + -6)).
2
2 - -7 - 6 - (6 + -1)
-2
Calculate -3 + (-3 - -2) + 0 - 1.
-5
Evaluate (2 - -2 - 0) + -4 + 0.
0
-3 - -2 - (-1 - 1)
1
Evaluate (0 - 3) + (-4 - -3).
-4
Calculate 1 - -5 - (-7 - -10).
3
What is the value of (-6 - -4 - -3) + 1?
2
What is -4 + 2 + 4 - 3?
-1
What is the value of (-5 - 0) + 2 - (13 + -13)?
-3
What is the value of -13 - (-15 - (0 - -5))?
7
Calculate 1 + (1 - (1 + -5 + 2)).
4
What is the value of 2 - (-10 + 9 + -1)?
4
What is 1 + (3 + -5 - 0) - 0?
-1
Evaluate -8 + (-1 - 6 - -4) - -6.
-5
What is the value of (-5 + -2 - -7) + -1?
-1
What is the value of -1 - (7 + 0 + -4) - -8?
4
-6 + 8 + 2 + -6 + -4
-6
-3 - (-7 - -11) - -8
1
Calculate 17 - 12 - (7 - 1).
-1
Evaluate (-2 - 6) + -4 + 7 + 2.
-3
Evaluate 6 - (1 - (-5 - -2 - -4)).
6
Calculate 3 - (-1 - (8 - -2)) - 7.
7
Evaluate -4 + 4 + 3 + 2.
5
Evaluate 1 - -3 - (-2 - (-7 + 1)).
0
What is the value of 13 + -19 + (1 - -2)?
-3
What is the value of -1 + (1 - -1 - 6) - -2?
-3
Evaluate (-28 - -23) + (-1 - -5).
-1
What is the value of (6 - 3) + (-1 - 0)?
2
-1 + (-13 + 4 - -9)
-1
Calculate 6 - (-4 + (3 - -7)).
0
Calculate 2 + (2 - 1) + (-223 - -213).
-7
What is the value of (0 - -3) + (-8 + 1 - -5)?
1
What is -2 - (-4 + 0) - 4?
-2
Evaluate 2 - (-6 + 5 + (1 - -1)).
1
What is the value of -5 - ((5 - 6) + 1)?
-5
What is the value of (-8 - -2) + 4 - -1?
-1
What is the value of 1 + (5 - 4 - 0) - -3?
5
Calculate -3 - ((0 - 2) + 2).
-3
Calculate 8 - 1 - (67 - 58).
-2
Evaluate (-10 - -9) + 10 - (4 + 0).
5
-10 + 9 - (-2 - 2)
3
What is 1 - -9 - 5 - (-4 + 2)?
7
What is 4 - 0 - (-4 - -7)?
1
2 - (0 - -5) - (-7 + 6)
-2
What is (0 - -6) + -4 - -3?
5
What is the value of -7 + (-3 - (-4 + -5))?
-1
2 + (2 - 8) + (-2 - -4)
-2
3 + -6 - -5 - 1
1
What is -3 + 11 - 11 - (1 - 0)?
-4
What is the value of 1 - (1 - (3 - 5))?
-2
What is the value of -3 - (4 + 10 + -10)?
-7
What is -1 + 7 + 0 + -1?
5
Calculate (0 - (-15 - -5)) + -5 + -7.
-2
Calculate -3 + -4 + 2 + 3 + 3.
1
Evaluate 8 + (-5 - 1) + 1.
3
Calculate -1 + 1 + (7 - 6) + 6.
7
Evaluate 0 + -4 - (0 + -2).
-2
What is the value of 0 - (-9 + 3) - (-9 + 21)?
-6
Calculate 4 + 7 + -10 + (6 - 0).
7
What is 1 + 3 + -15 + 6 + 1?
-4
What is 13 - (-2 + 8 + 9 + -9)?
7
6 - (6 + -6 + (5 - 2))
3
What is (-3 - (-2 - 0)) + 2?
1
Evaluate -2 + (-10 + 2 - (33 + -47)).
4
Calculate -1 + 5 - (-31 - -30).
5
What is the value of 7 + -4 + -5 - -1?
-1
What is -123 + 119 - (0 - 8)?
4
What is 12 + -9 + (-5 - 8)?
-10
Calculate 0 + (2 - (4 - -1)).
-3
What is the value of 12 + -17 + (1 - -2)?
-2
What is the value of 7 + (3 - 12) - (-8 - -1)?
5
What is 5 + (0 - 1) - (-1 + 5)?
0
Evaluate 2 - (2 - (4 + -5)).
-1
(-17 - -10) + 16 + -3
6
What is the value of -5 + (-7 - (-8 - -3))?
-7
Calculate -1 - (3 - (10 - 4)).
2
What is -5 + 3 - -1 - (0 - -6)?
-7
Evaluate 0 + 0 - (-10 + (8 - 0)).
2
Calculate 14 - (-11 + 9 + 11).
5
(-15 - -14) + 4 + -2 + -3
-2
Calculate 8 - 4 - -1 - -2 - 2.
5
What is -12 - ((10 - 4) + -12)?
-6
-3 + 1 + 3 + (-149 - -150)
2
Calculate 2 + -7 + -2 + 9.
2
What is (-10 - -13) + (2 + -3 - 0)?
2
-2 - -3 - (3 - 0)
-2
What is -1 - (-4 + 6 + -3)?
0
7 - (-8 + 3 - -5 - -10)
-3
What is -9 - (-9 + 8 + -8)?
0
Calculate 25 - (42 - 18) - (4 + -1).
-2
-3 + 10 - 3 - 6
-2
Calculate 1 - -1 - 4 - (6 - 3).
-5
What is 1 + -2 + 7 + -1?
5
Calculate (3 - 3) + 4 + -5.
-1
Calculate (-2 - -10) + (-43 - -40).
5
What is -21 + 25 - (9 + -1)?
-4
(-2 - 2) + (-10 - -11)
-3
What is the value of -2 - ((1 - -1) + (0 - 2))?
-2
What is 0 - -1 - (40 - 41)?
2
Calculate 1 + 0 - (1 + -3).
3
What is the value of -1 - 10 - ((16 - 37) + 17)?
-7
-3 + 8 + -3 - -3
5
4 - 0 - 5 - 0
-1
What is the value of (1 - 5) + 4 + -5?
-5
Calculate -6 + (16 - (-10 + 11)).
9
What is the value of (-2 - -9) + -3 - 3?
1
What is the value of 2 + (1 - (4 + 2)) + -2?
-5
Calculate 41 - 